{"id":12334,"date":"2026-08-31T10:53:58","date_gmt":"2026-08-31T08:53:58","guid":{"rendered":"https:\/\/petrapekna.com\/?post_type=immobilie&#038;p=12334"},"modified":"2026-08-31T10:53:58","modified_gmt":"2026-08-31T08:53:58","slug":"exklusive-villa-mit-pool-und-dachterrasse-im-zentrum-von-cala-figuera-2","status":"publish","type":"immobilie","link":"https:\/\/petrapekna.com\/es\/immobilie\/exklusive-villa-mit-pool-und-dachterrasse-im-zentrum-von-cala-figuera-2\/","title":{"rendered":"Exklusive Villa mit Pool und Dachterrasse im Zentrum von Cala Figuera"},"content":{"rendered":"<p>Esta excepcional villa combina arquitectura contempor\u00e1nea, materiales de alta calidad y la atm\u00f3sfera \u00fanica de la costa sureste de Mallorca. Situada en el coraz\u00f3n de Cala Figuera, ofrece tranquilidad y privacidad, al mismo tiempo que se encuentra a pocos minutos de los servicios del pueblo y de Santany\u00ed, con sus excelentes restaurantes, cafeter\u00edas, tiendas y su tradicional mercado semanal.<\/p>\n<p>La villa, de 254 m\u00b2, se encuentra sobre una parcela urbana de aproximadamente 388 m\u00b2 y destaca por sus amplios espacios interiores llenos de luz, techos altos, elegantes baldosas de gran formato y espectaculares ventanales y puertas correderas de cristal. Varias zonas exteriores privadas, una piscina, un jard\u00edn de bajo mantenimiento y una amplia terraza en la azotea con impresionantes vistas al mar convierten esta propiedad en un refugio verdaderamente especial.<\/p>\n<p>En la planta baja, el amplio sal\u00f3n-comedor de concepto abierto con cocina integrada constituye el centro de la vida de la vivienda. Una elegante pared de piedra natural aporta un toque mediterr\u00e1neo que armoniza a la perfecci\u00f3n con la arquitectura contempor\u00e1nea. Las baldosas de tonos claros se prolongan de forma fluida hacia el exterior, conectando con la terraza, la piscina y el jard\u00edn. Esta planta tambi\u00e9n dispone de un dormitorio con ba\u00f1o en suite, adem\u00e1s de un lavadero que integra un aseo de invitados.<\/p>\n<p>En la planta superior se encuentran otros dos dormitorios, cada uno con ba\u00f1o en suite y vestidor. El amplio dormitorio principal cuenta adem\u00e1s con una terraza privada y acceso directo a la terraza de la azotea.<\/p>\n<p>La villa dispone de un s\u00f3tano completo que, adem\u00e1s de albergar las instalaciones t\u00e9cnicas, ofrece un amplio espacio de uso flexible, ideal como gimnasio, zona de wellness, sala de ocio o hobby. Una escalera exterior adicional permite un acceso pr\u00e1ctico e independiente.<\/p>\n<p>Una propiedad excepcional para quienes buscan combinar dise\u00f1o moderno, estilo de vida mediterr\u00e1neo, privacidad y la extraordinaria calidad de vida de la costa sureste de Mallorca.<\/p>","protected":false},"featured_media":12335,"template":"","class_list":["post-12334","immobilie","type-immobilie","status-publish","has-post-thumbnail","hentry","immobilie_type-haus","immobilie_type-villa","immobilie_status-verfuegbar","immobilie_country-spanien","immobilie_region-balearische_inseln","immobilie_location-cala-figuera","immobilie_marketing_type-kauf","immobilie_use_type-wohnen","immobilie_language-es-es","immobilie_custom_badges-top-angebot","immobilie_agent-petra-pekna","udft_Region-santanyi"],"acf":[],"_links":{"self":[{"href":"https:\/\/petrapekna.com\/es\/wp-json\/wp\/v2\/immobilie\/12334","targetHints":{"allow":["GET"]}}],"collection":[{"href":"https:\/\/petrapekna.com\/es\/wp-json\/wp\/v2\/immobilie"}],"about":[{"href":"https:\/\/petrapekna.com\/es\/wp-json\/wp\/v2\/types\/immobilie"}],"wp:featuredmedia":[{"embeddable":true,"href":"https:\/\/petrapekna.com\/es\/wp-json\/wp\/v2\/media\/12335"}],"wp:attachment":[{"href":"https:\/\/petrapekna.com\/es\/wp-json\/wp\/v2\/media?parent=12334"}],"curies":[{"name":"wp","href":"https:\/\/api.w.org\/{rel}","templated":true}]}}

<p>Esta excepcional villa combina arquitectura contemporánea, materiales de alta calidad y la atmósfera única de la costa sureste de Mallorca. Situada en el corazón de Cala Figuera, ofrece tranquilidad y privacidad, al mismo tiempo que se encuentra a pocos minutos de los servicios del pueblo y de Santanyí, con sus excelentes restaurantes, cafeterías, tiendas y su tradicional mercado semanal.</p>
<p>La villa, de 254 m², se encuentra sobre una parcela urbana de aproximadamente 388 m² y destaca por sus amplios espacios interiores llenos de luz, techos altos, elegantes baldosas de gran formato y espectaculares ventanales y puertas correderas de cristal. Varias zonas exteriores privadas, una piscina, un jardín de bajo mantenimiento y una amplia terraza en la azotea con impresionantes vistas al mar convierten esta propiedad en un refugio verdaderamente especial.</p>
<p>En la planta baja, el amplio salón-comedor de concepto abierto con cocina integrada constituye el centro de la vida de la vivienda. Una elegante pared de piedra natural aporta un toque mediterráneo que armoniza a la perfección con la arquitectura contemporánea. Las baldosas de tonos claros se prolongan de forma fluida hacia el exterior, conectando con la terraza, la piscina y el jardín. Esta planta también dispone de un dormitorio con baño en suite, además de un lavadero que integra un aseo de invitados.</p>
<p>En la planta superior se encuentran otros dos dormitorios, cada uno con baño en suite y vestidor. El amplio dormitorio principal cuenta además con una terraza privada y acceso directo a la terraza de la azotea.</p>
<p>La villa dispone de un sótano completo que, además de albergar las instalaciones técnicas, ofrece un amplio espacio de uso flexible, ideal como gimnasio, zona de wellness, sala de ocio o hobby. Una escalera exterior adicional permite un acceso práctico e independiente.</p>
<p>Una propiedad excepcional para quienes buscan combinar diseño moderno, estilo de vida mediterráneo, privacidad y la extraordinaria calidad de vida de la costa sureste de Mallorca.</p>
